se
Is 180504911 composite?
False
Is 101050733 prime?
False
Is 24407371 a prime number?
True
Is 817933 prime?
True
Is 2799733 prime?
True
Is 30263645 composite?
True
Is 806263 a composite number?
False
Is 2160337 prime?
True
Is 116552713 prime?
False
Is 74417867 prime?
True
Is 3743501 composite?
True
Is 611011 prime?
True
Is 8425163 a composite number?
True
Is 125063 a prime number?
True
Is 28791413 composite?
True
Is 130841027 prime?
False
Is 118663865 a prime number?
False
Is 5641189 a composite number?
False
Is 3952441 prime?
False
Is 1914679 a composite number?
True
Is 928537 a prime number?
False
Is 126737 a prime number?
False
Is 30300433 a composite number?
False
Is 27590233 composite?
True
Is 1881353 a prime number?
False
Is 2645507 prime?
True
Is 4649437 a prime number?
False
Is 21181727 prime?
False
Is 4033283 a composite number?
False
Is 490218557 composite?
False
Is 127757 a prime number?
False
Is 23150447 a composite number?
True
Is 3979421 a prime number?
False
Is 3778147 composite?
True
Is 84243983 composite?
False
Is 677631701 a prime number?
True
Is 35182993 a prime number?
False
Is 103843657 composite?
True
Is 11873453 composite?
True
Is 17799709 a prime number?
False
Is 24894865 a composite number?
True
Is 33203147 prime?
False
Is 102439957 prime?
False
Is 221267093 a composite number?
False
Is 10192729 a composite number?
False
Is 85474229 prime?
True
Is 513318973 prime?
True
Is 116266159 prime?
True
Is 53437 a prime number?
True
Is 2293563 composite?
True
Is 2515553 a composite number?
False
Is 180116021 a composite number?
False
Is 21044681 a prime number?
False
Is 454901 a prime number?
False
Is 395197069 composite?
False
Is 50902721 a composite number?
True
Is 346842631 prime?
True
Is 97579861 a prime number?
True
Is 226530949 a prime number?
True
Is 2907336109 a prime number?
True
Is 8752533 prime?
False
Is 10272659 a prime number?
True
Is 393037 composite?
True
Is 859403 prime?
False
Is 216081787 a prime number?
False
Is 47565293 prime?
True
Is 28653763 a composite number?
True
Is 1369133 a prime number?
True
Is 4153073 a composite number?
True
Is 87823 a prime number?
False
Is 71087917 a prime number?
False
Is 92155835 a prime number?
False
Is 3126779 prime?
True
Is 35484007 prime?
False
Is 3802811 composite?
True
Is 25063001 prime?
True
Is 39066367 a prime number?
False
Is 9212183 composite?
True
Is 17870023 prime?
True
Is 33718991 composite?
False
Is 7709045 a prime number?
False
Is 25855111 a composite number?
False
Is 1826239 composite?
False
Is 269367911 a prime number?
True
Is 59996879 a composite number?
False
Is 153712609 a composite number?
False
Is 51173677 composite?
False
Is 88019431 prime?
True
Is 314802599 a composite number?
False
Is 6744827 a prime number?
True
Is 136411691 prime?
False
Is 107391 composite?
True
Is 32036441 a prime number?
True
Is 150779 a prime number?
True
Is 12516037 a composite number?
False
Is 2328463 composite?
False
Is 454953511 composite?
False
Is 10412027 a composite number?
False
Is 1506157 prime?
True
Is 3933419 a prime number?
False
Is 2864665 composite?
True
Is 26392907 prime?
True
Is 61395203 a prime number?
False
Is 2954053 prime?
False
Is 29783107 a composite number?
False
Is 4200601 prime?
True
Is 4221407 a composite number?
False
Is 19239403 composite?
True
Is 117525731 a composite number?
False
Is 128135039 a prime number?
True
Is 444796727 composite?
False
Is 211409155 a composite number?
True
Is 240165367 a prime number?
False
Is 49190485 a composite number?
True
Is 1432243 a composite number?
False
Is 1310851 prime?
True
Is 2366549 composite?
True
Is 94771 prime?
True
Is 51821155 composite?
True
Is 28643414 a prime number?
False
Is 37383091 composite?
False
Is 6151291 a prime number?
True
Is 28889381 prime?
True
Is 5927087 a composite number?
False
Is 1228993 a composite number?
False
Is 92623627 composite?
False
Is 386447 a prime number?
False
Is 1981997 composite?
False
Is 3553259 a prime number?
False
Is 12329951 a composite number?
True
Is 52178111 a prime number?
False
Is 1037411 a composite number?
False
Is 16520317 a composite number?
True
Is 341364077 a prime number?
True
Is 29821973 a prime number?
True
Is 10859573 a prime number?
True
Is 18656069 prime?
True
Is 1295309 prime?
True
Is 109038719 prime?
True
Is 155350417 a composite number?
False
Is 15591181 a composite number?
False
Is 2050673 a prime number?
False
Is 9728405 prime?
False
Is 238443 a prime number?
False
Is 130991 composite?
True
Is 28799609 composite?
True
Is 5591449 prime?
False
Is 1150301 prime?
True
Is 24553745 a prime number?
False
Is 3076223 composite?
True
Is 53658259 a composite number?
True
Is 749933 a prime number?
False
Is 15271759 a prime number?
True
Is 48242771 a composite number?
False
Is 2394001 prime?
False
Is 9036691 a prime number?
False
Is 115854337 a composite number?
True
Is 14789317 composite?
True
Is 233941229 a composite number?
False
Is 3901433 a composite number?
True
Is 1194187 a composite number?
True
Is 15097561 prime?
False
Is 8354887 composite?
False
Is 1016616733 a composite number?
True
Is 913247 composite?
False
Is 912887 a prime number?
False
Is 15160799 composite?
False
Is 584047 prime?
False
Is 2739887 a prime number?
False
Is 419417 composite?
False
Is 664189 prime?
False
Is 115515139 composite?
True
Is 1663267 composite?
False
Is 84828347 a composite number?
True
Is 297907127 a prime number?
False
Is 415076637 prime?
False
Is 111030233 a composite number?
False
Is 27056747 a prime number?
True
Is 799261813 composite?
True
Is 169395959 a prime number?
True
Is 3936913 a composite number?
False
Is 28819993 a prime number?
False
Is 483739859 a composite number?
False
Is 185636249 composite?
True
Is 3193073 a prime number?
False
Is 8778113 a prime number?
False
Is 420097 a composite number?
False
Is 22071493 composite?
True
Is 24128191 a composite number?
False
Is 48766799 composite?
False
Is 1192115 a composite number?
True
Is 2222741 a prime number?
True
Is 907666 a composite number?
True
Is 82471843 a composite number?
False
Is 78212521 composite?
True
Is 8701267 a prime number?
True
Is 554535613 a prime number?
False
Is 41362939 prime?
False
Is 84487703 a composite number?
True
Is 24324837 prime?
False
Is 29665273 a prime number?
False
Is 34767218 a composite number?
True
Is 4150598 prime?
False
Is 49529689 a composite number?
True
Is 185489 a prime number?
False
Is 343058747 prime?
True
Is 5663078 prime?
False
Is 6381961 a prime number?
True
Is 6776221 composite?
True
Is 203977849 a prime number?
False
Is 4441251 composite?
True
Is 180638303 prime?
False
Is 692141 composite?
False
Is 1821445 prime?
False
Is 13869949 a prime number?
True
Is 22132411 a prime number?
False
Is 2544713 composite?
True
Is 267532783 a prime number?
False
Is 445079 prime?
False
Is 35883769 a prime number?
True
Is 540901 a composite number?
False
Is 156756557 composite?
False
Is 10674869 composite?
True
Is 43585301 composite?
True
Is 3780017 a prime number?
True
Is 22874339 prime?
True
Is 195271565 a prime number?
False
Is 589273 a prime number?
True
Is 3560467 a composite number?
True
Is 64944634 composite?
True
Is 14560339 composite?
True
Is 62529367 a composite number?
False
Is 5216833 composite?
False
Is 1026171231 a prime number?
False
Is 1614674 prime?
False
Is 263977523 a prime number?
True
Is 4188134 a prime number?
False
Is 5875613 a prime number?
True
Is 7666069 a prime number?
True
Is 10764991 a composite number?
True
Is 26374669 a prime number?
True
Is 4997639 a prime number?
False
Is 587947 composite?
False
Is 6933643 composite?
True
Is 71446933 prime?
False
Is 67042123 a composite number?
True
Is 66449287 prime?
True
Is 6438343 a composite number?
False
Is 210888743 composite?
True
Is 2668297 prime?
True
Is 101560633 a prime number?
True
Is 21764851 prime?
True
Is 14112331 composite?
False
Is 144979073 a composite number?
True
Is 169254671 composite?
False
Is 82289167 a composite number?
False
Is 5723209 a prime number?
True
Is 168215219 a composite number?
False
Is 257499551 composite?
False
Is 11395039 composite?
True
Is 8393933 composite?
True
Is 16103273 a prime number?
True
Is 9665697 a composite number?
True
Is 217326059 a prime number?
True
Is 1479739